t the prime factors of 337178631.
3, 112392877
List the prime factors of 201961777.
41, 1193, 4129
List the prime factors of 15295170.
2, 3, 5, 11, 46349
List the prime factors of 25021808.
2, 7, 41, 5449
List the prime factors of 444105890.
2, 5, 44410589
What are the prime factors of 835686782?
2, 7, 17, 349, 10061
What are the prime factors of 247385577?
3, 79, 353, 2957
What are the prime factors of 365945417?
17, 21526201
What are the prime factors of 2786897?
277, 10061
List the prime factors of 24892585.
5, 29, 171673
List the prime factors of 271076592.
2, 3, 359, 15731
What are the prime factors of 202809092?
2, 50702273
List the prime factors of 550361608.
2, 5483, 12547
List the prime factors of 6199707.
3, 29, 71261
What are the prime factors of 2421690502?
2, 7, 11, 41, 83, 4621
List the prime factors of 313869628.
2, 78467407
What are the prime factors of 397309997?
7, 56758571
List the prime factors of 1519004011.
7, 217000573
What are the prime factors of 1619857045?
5, 323971409
What are the prime factors of 212240268?
2, 3, 97, 60779
List the prime factors of 864964930.
2, 5, 17, 19, 267791
What are the prime factors of 29023820?
2, 5, 7, 379, 547
What are the prime factors of 3237160108?
2, 7, 13, 1270471
What are the prime factors of 2231912779?
17, 37, 1103, 3217
What are the prime factors of 503588323?
7, 101, 712289
List the prime factors of 482255235.
3, 5, 7, 11, 17, 2729
List the prime factors of 119651384.
2, 14956423
List the prime factors of 94325434.
2, 7, 6737531
What are the prime factors of 2441604690?
2, 3, 5, 7, 19, 203977
List the prime factors of 774111156.
2, 3, 7, 13, 708893
List the prime factors of 2776003713.
3, 7, 1303, 4831
What are the prime factors of 59698714?
2, 29849357
List the prime factors of 1071049424.
2, 947, 70687
What are the prime factors of 95258211?
3, 41, 73, 103
List the prime factors of 188059986.
2, 3, 19, 549883
List the prime factors of 55744916.
2, 23, 521, 1163
List the prime factors of 142669233.
3, 7, 19, 17027
List the prime factors of 119955110.
2, 5, 11, 37, 29473
What are the prime factors of 39141816?
2, 3, 7, 232987
List the prime factors of 5941504646.
2, 7, 11, 653, 59083
List the prime factors of 123947811.
3, 13, 19, 4289
List the prime factors of 407892769.
6827, 59747
List the prime factors of 211027354.
2, 31, 37, 67, 1373
What are the prime factors of 1983643391?
269, 1327, 5557
What are the prime factors of 743038779?
3, 7, 35382799
List the prime factors of 62532603.
3, 7, 73, 13597
What are the prime factors of 61368454?
2, 7, 4383461
List the prime factors of 547301306.
2, 273650653
What are the prime factors of 2400579476?
2, 2003, 299623
What are the prime factors of 76348632?
2, 3, 17, 187129
List the prime factors of 3041423226.
2, 3, 168967957
List the prime factors of 136248181.
136248181
List the prime factors of 93080449.
7, 11, 19, 61, 149
List the prime factors of 1214380856.
2, 13, 17, 31, 22157
List the prime factors of 794017541.
61, 13016681
What are the prime factors of 4234509?
3, 470501
List the prime factors of 1510182022.
2, 383, 1971517
List the prime factors of 6480155248.
2, 7, 57858529
List the prime factors of 25602596.
2, 1021, 6269
What are the prime factors of 389355473?
13, 47, 637243
What are the prime factors of 8148859253?
8148859253
List the prime factors of 1477648308.
2, 3, 71, 359, 4831
List the prime factors of 671426469.
3, 7, 507503
What are the prime factors of 6420098324?
2, 41, 4447, 8803
What are the prime factors of 20446460?
2, 5, 251, 4073
List the prime factors of 162078996.
2, 3, 13506583
List the prime factors of 73925675.
5, 19, 103, 1511
List the prime factors of 314595.
3, 5, 6991
What are the prime factors of 8585531?
8585531
List the prime factors of 5227554.
2, 3, 871259
List the prime factors of 393778289.
393778289
What are the prime factors of 50262286?
2, 137, 183439
List the prime factors of 21625417.
11, 641, 3067
List the prime factors of 88799786.
2, 44399893
What are the prime factors of 2567541391?
2567541391
List the prime factors of 1450635822.
2, 3, 419, 192341
List the prime factors of 22350653.
13, 571, 3011
List the prime factors of 1041349362.
2, 3, 3049, 56923
List the prime factors of 250986746.
2, 7283, 17231
List the prime factors of 995596047.
3, 110621783
What are the prime factors of 144185997?
3, 409, 117511
List the prime factors of 3778170.
2, 3, 5, 11, 107
What are the prime factors of 406240221?
3, 43, 1399, 2251
What are the prime factors of 5934436224?
2, 3, 3019, 5119
What are the prime factors of 171052692?
2, 3, 14254391
List the prime factors of 184279192.
2, 79, 151, 1931
List the prime factors of 742338228.
2, 3, 71, 871289
What are the prime factors of 324304445?
5, 19, 37, 257, 359
What are the prime factors of 56150937?
3, 2237, 2789
What are the prime factors of 418271603?
101, 131, 313
What are the prime factors of 5493184077?
3, 1831061359
What are the prime factors of 572731739?
572731739
What are the prime factors of 426370488?
2, 3, 19, 935023
List the prime factors of 247900388.
2, 61975097
What are the prime factors of 283154135?
5, 11, 5148257
List the prime factors of 36632344.
2, 7, 654149
List the prime factors of 115155494.
2, 997, 57751
List the prime factors of 2107249157.
13, 9041, 17929
List the prime factors of 26588301.
3, 1307, 6781
What are the prime factors of 282990243?
3, 47, 83, 24181
List the prime factors of 311002523.
13, 983, 24337
List the prime factors of 3893325449.
13, 149, 2009977
List the prime factors of 123018145.
5, 23, 29, 36887
What are the prime factors of 2577033?
3, 43, 6659
What are the prime factors of 123925596?
2, 3, 10327133
List the prime factors of 1260523114.
2, 630261557
List the prime factors of 5453740577.
1721, 3168937
What are the prime factors of 448108855?
5, 6353, 14107
List the prime factors of 477629932.
2, 13, 9185191
What are the prime factors of 31521354?
2, 3, 241, 21799
What are the prime factors of 1368508065?
3, 5, 107, 163, 5231
What are the prime factors of 953366443?
17, 56080379
What are the prime factors of 7756971599?
13, 17, 101, 347519
What are the prime factors of 352946972?
2, 7, 12605249
List the prime factors of 93876985.
5, 107, 227, 773
What are the prime factors of 909669264?
2, 3, 7, 2707349
What are the prime factors of 11704451?
11, 96731
What are the prime factors of 2120301516?
2, 3, 439, 402487
What are the prime factors of 1655305830?
2, 3, 5, 18392287
What are the prime factors of 23535359?
23535359
What are the prime factors of 16174525?
5, 646981
List the prime factors of 26425907.
3733, 7079
What are the prime factors of 70140819?
3, 7, 3340039
What are the prime factors of 8862476?
2, 7, 307, 1031
List the prime factors of 714486610.
2, 5, 367, 194683
What are the prime factors of 48320527?
839, 57593
List the prime factors of 2792681817.
3, 17, 29, 1888223
What are the prime factors of 34435145?
5, 281, 24509
List the prime factors of 99342172.
2, 277, 89659
What are the prime factors of 170199299?
170199299
List the prime factors of 575262581.
647, 889123
What are the prime factors of 8793858?
2, 3, 1465643
What are the prime factors of 1977750247?
11, 647, 277891
List the prime factors of 107345385.
3, 5, 7, 29, 3917
What are the prime factors of 5430?
2, 3, 5, 181
What are the prime factors of 2495619007?
7, 61, 89, 97, 677
What are the prime factors of 225930937?
225930937
List the prime factors of 5799936788.
2, 1449984197
What are the prime factors of 170313032?
2, 467, 45587
What are the prime factors of 23631001?
71, 167, 1993
List the prime factors of 177787355.
5, 23, 59, 26203
List the prime factors of 1597184761.
8521, 187441
What are the prime factors of 19569017?
13, 115793
List the prime factors of 178158412.
2, 44539603
What are the prime factors of 68976650?
2, 5, 17, 19, 4271
What are the prime factors of 1138110848?
2, 7, 181459
What are the prime factors of 719523801?
3, 41, 1949929
What are the prime factors of 1535101416?
2, 3, 7106951
What are the prime factors of 1502233075?
5, 7, 8584189
List the prime factors of 310323935.
5, 23, 131, 20599
What are the prime factors of 183908444?
2, 211, 217901
What are the prime factors of 2667186431?
7, 